ivided by -1 - (-184)/12 - (-1)/(-3).
11
Suppose -4*h + 5*h = v + 11, 4*v + 52 = 5*h. Suppose p - 11 = 2*n, -2*n - 32 = -6*p + 2*p. Calculate the remainder when (-108)/h*-4*(-3)/(-6) is divided by p.
6
Let v = 2067 - 2063. What is the remainder when 9 is divided by v?
1
Let i(q) = -q**3 - 13*q**2 - 12*q - 2. Let g be i(-12). Let d(h) = -11*h**3 - h**2 - 2*h. Calculate the remainder when d(g) is divided by 23.
19
Suppose 3*t + 16 = -3*b + 163, -233 = -5*b + t. Let q = -45 + 55. Calculate the remainder when b is divided by q.
7
Suppose 3*r - 904 = r. Let k = r + -321. Suppose 4*s = -3*i - 0*s + k, 3*i - 139 = -2*s. What is the remainder when i is divided by 17?
15
Let k(o) = 10*o - 63. Calculate the remainder when k(12) is divided by 8.
1
Let t(d) = 22*d + 2. Let q be t(4). Let i = -70 + q. What is the remainder when 56 is divided by i?
16
Let i = 14 + -14. Let f = i - -3. Suppose 0 = f*m - 5*y - 14, -y = -m + 3 + 5. What is the remainder when 37 is divided by m?
11
Let s be (2 - (4 + 0)) + 4. What is the remainder when 22/6*6/s is divided by 3?
2
What is the remainder when -5 - ((-18)/3 - (-276)/(-3)) is divided by 40?
13
Suppose 0 = -17*g + 364 - 58. What is the remainder when 98 is divided by g?
8
Suppose -5*s + 65 + 35 = 0. Let u = 164 - 159. Suppose 0 = 2*l - u*l + 294. What is the remainder when l is divided by s?
18
Suppose 227 + 248 = 5*a. Calculate the remainder when a is divided by 12.
11
Let j(i) = -i**3 + 9*i**2 - 8. Let f be j(9). Let n = -151 + 159. Calculate the remainder when f/(-2 + (-8)/(-5)) is divided by n.
4
Suppose 4*a = 2*a - 3*d + 153, 0 = -a - 4*d + 84. Calculate the remainder when 158 is divided by a.
14
Let z be 0/(-6 + (-3)/(-1)). Suppose -h - 34 = h - 5*v, z = 3*h + v + 17. Let f(n) = -4*n + 5. Calculate the remainder when f(h) is divided by 18.
15
Suppose 0 = i - 6*i + 110. Let p(s) = -3*s + 26. Let q be p(7). Suppose 4*h - 51 = -3*w, -w + q*w - 40 = -3*h. Calculate the remainder when i is divided by h.
10
Let b(j) = 4*j - 5. What is the remainder when (-2)/11 - 7443/(-99) is divided by b(6)?
18
Suppose 3*u - 2*v + 0*v = 140, 110 = 2*u + 2*v. What is the remainder when u is divided by 26?
24
Suppose 115*v + 345 = -4*v + 1892. Let o = -4 + 7. What is the remainder when v is divided by o?
1
What is the remainder when 39 is divided by (9 + -3 + -10)*-2?
7
Suppose 674 = 2*m + 654. Let r(b) = 3*b**2 - 2*b + 4. Calculate the remainder when r(-3) is divided by m.
7
Suppose 3*m - 28 - 232 = -h, 0 = 5*h + 5. What is the remainder when 515 is divided by m?
80
Let j(p) = -p**3 + 3*p**2 + p - 3. Let c be j(3). Suppose c*t - 204 = -t - 2*d, -2*t = 2*d - 410. What is the remainder when t is divided by 19?
16
Let l = -28 - -31. Suppose 0 = -3*s - 2*x + 26, 5*x + 50 = l*s + s. Calculate the remainder when 57 is divided by s.
7
Suppose -3*m + 120 = -5*m. Calculate the remainder when 58 is divided by 3 + 6/(-2) + m/(-3).
18
Let v(c) = 6*c - 116. What is the remainder when 60 is divided by v(22)?
12
Let p(z) = -z**3 + 18*z**2 + z. What is the remainder when 355 is divided by p(18)?
13
Suppose 3*l = 6*l + 24. Let v be 6/(-8) - 1134/l. What is the remainder when 10 is divided by 4/14 + v/21?
3
Suppose 17 = l - 3*k, 0 = -3*l + 5*l - 4*k - 36. What is the remainder when l is divided by 14?
6
Let x = 7 + 11. Let n = 20 + x. Suppose 4*m - 3*m = -k + n, -4*m - 184 = -4*k. Calculate the remainder when k is divided by 11.
9
Let a = 34 + -52. Let b = 22 - a. Calculate the remainder when b is divided by 22.
18
Suppose -33*r + 1385 = 38*r - 35. Let v(h) = 2*h**2 + h. Calculate the remainder when v(5) is divided by r.
15
Let c be 4/(-3)*3 - -72. Let g = 113 - c. What is the remainder when g is divided by (3/(-2))/(3/(-24))?
9
Suppose -h + 2*h - 3*z - 20 = 0, -126 = -5*h + 2*z. Calculate the remainder when 75 is divided by h.
23
Suppose 4*r - 7*r = -9. Let i(k) = k**3 - 2*k**2 + 9*k - 10. What is the remainder when i(r) is divided by (-38)/(-4) - (-2)/4?
6
Let z(v) = v**3 + 24*v**2 + 16*v + 122. Calculate the remainder when z(-22) is divided by 37.
35
Let g = -127 - -297. Suppose -g = -5*m + 5. Calculate the remainder when m is divided by 18.
17
Let v = -24 + 27. Calculate the remainder when 93 is divided by 12 + 3 - v/(-3).
13
Let r(h) = 3*h. Let i be r(1). Suppose -5*k + 79 = 3*q - q, i*q + 4*k - 101 = 0. Calculate the remainder when 107 is divided by q.
26
Let t be (-2 - -3)/(1/162). Let r = t - 111. Calculate the remainder when r is divided by 13.
12
Let z(s) = s**3 + 4*s**2 - 5*s + 1. Let n be z(-5). Let i(a) = 6*a**2 - a. Let r be i(n). Calculate the remainder when 58 is divided by (21 - 9)*r/2.
28
Suppose 120 = -9*m + 6*m. Let l = 78 + m. Suppose -3*h + 9 = 0, 2*h = -3*g + 4*h + 54. What is the remainder when l is divided by g?
18
Let h be 77/(-5) + 6/15. Let m be h/(-3*(-3)/(-6)). Suppose c - m = -c. What is the remainder when 8 is divided by c?
3
What is the remainder when 156 is divided by (945/(-420))/((-2)/120)?
21
Suppose 81 = 4*p + 3*u - 8*u, -5*p = 2*u - 60. Let b = -32 + 11. What is the remainder when 1/7 - 1152/b is divided by p?
13
Let g be (-5)/(35/(-16)) + (-4)/14. Suppose -2*j + 26 = g*m, -m - j + 43 = 2*m. Calculate the remainder when 0 + -1 + (44 - 0) is divided by m.
13
Suppose 3*y - 54 = 4*m - 5*m, 2*y + 5*m - 36 = 0. Suppose -3*g - 2 = -14. Calculate the remainder when 38 is divided by (y/(-45))/(g/(-130)).
12
Let i(n) = -9*n - 191*n**3 - 23 - 12*n**2 + 190*n**3 + n. Calculate the remainder when i(-12) is divided by 25.
23
Let s = -15 + 19. Suppose 0 = -5*m + 3*f + 175, -m + s*f + 57 = -f. What is the remainder when 156 is divided by m?
28
Let z = 15 - 10. Suppose -u - z = 2*d - 10, d + 8 = u. What is the remainder when u is divided by (-2)/3*15/(-2)?
2
Let n = -2 + 21. Suppose 15 = 3*z - 144. What is the remainder when z is divided by n?
15
Let n(w) = w**2 - 4*w + 4. Suppose 0 = 8*q - 8 - 16. What is the remainder when 3 is divided by n(q)?
0
Let c(s) = 25*s**2 + 65*s - 188. What is the remainder when c(3) is divided by 26?
24
Suppose 264 + 636 = 36*w. What is the remainder when 48 is divided by w?
23
Suppose 7*t + 52*t - 1298 = 0. What is the remainder when 281 is divided by t?
17
Let b(s) = 74*s**2 - 4. Let z(u) = -u**2 - 1. Let a(o) = b(o) - 3*z(o). Calculate the remainder when a(-1) is divided by 20.
16
Suppose 15900 = 120*s - 45*s. What is the remainder when s is divided by 43?
40
Let g(l) = 18*l**3 - l**2 + 2*l - 1. Let n be g(1). Suppose -3*i + i + n = 0. What is the remainder when 34 is divided by i?
7
Suppose -927 = -3*k - a, -2*a = k - 5*k + 1236. Calculate the remainder when k is divided by 79.
72
Calculate the remainder when 205 is divided by (-42)/(-28)*(210/(-9))/(-1).
30
Suppose 3*t = 3*s, -3*s = 2*s + t - 6. Let o be ((-2)/(-3))/(2/12). Suppose 1 - 5 = -o*n. Calculate the remainder when n is divided by s.
0
Let a = 11 + -39. Let u = a + 35. Let v = -11 + 37. What is the remainder when v is divided by u?
5
Let s(l) = 3*l**3 + 20*l**2 - 9*l + 7. Calculate the remainder when 47 is divided by s(-7).
5
Suppose 0 = -14*z + 3437 + 1183. What is the remainder when z is divided by 56?
50
Let z(v) = -v**3 + 5*v**2 + 10*v - 8. Calculate the remainder when 42/(-21) - (-34 + 1) is divided by z(6).
15
Let f = 9 - 81. Suppose 44 = 5*w - 2*a, 0 = -w - w - 4*a + 32. What is the remainder when (f/(6/3))/(-2) is divided by w?
8
Let n(k) = 2*k**2 + k - 77. What is the remainder when n(-15) is divided by 24?
22
Let p = 18 - 15. Let d = -8 + 11. Suppose -d*u + 4*u - 5*s - 18 = 0, 2*s - 3 = -3*u. Calculate the remainder when u is divided by p.
0
Let c = 27 - -27. Suppose -52 = -p + c. Let k = -13 - -40. What is the remainder when p is divided by k?
25
Let p be -1*12/4 + 5. Suppose -f + 4 + p = 0. What is the remainder when 14 is divided by f?
2
Let v(u) = -u**3 + 6*u**2 + u + 8. Let f = -1226 + 1294. What is the remainder when f is divided by v(6)?
12
Let x(r) = 5*r**2 - 2*r + 2. Let o = 13 - 11. Suppose 5*y = -5*v + 35, -4*y - o*v + 20 = -0*y. Calculate the remainder when x(y) is divided by 11.
8
Suppose 106*t - 25*t - 567 = 0. Calculate the remainder when 426 is divided by t.
6
Let q = -835 - -849. What is the remainder when 82 is divided by q?
12
Suppose 0 = -w + 5*w - 3*x - 73, -3*x + 55 = 4*w. Let q = 154 - 110. What i